8*d + 27. What are the prime factors of k(6)?
3, 19
Let i(j) = -704*j + 182. What are the prime factors of i(-2)?
2, 3, 5, 53
List the prime factors of 168793/102 + 35/(-42).
2, 827
Let l = 5112 + -2684. What are the prime factors of l?
2, 607
Let v(q) = 377*q**2 - 47*q + 113. What are the prime factors of v(3)?
5, 673
Suppose 19*m = 25709 + 9688. What are the prime factors of m?
3, 23
Let a(u) = 4*u**2 + 107*u - 4. List the prime factors of a(-31).
523
Let n(s) = -4*s**2 + 12*s. Let f be n(6). Let y be (-2)/9 - 160/f. Suppose -3*v = y*v - 75. What are the prime factors of v?
3, 5
Let b(q) = 11*q**2 + q + 0*q - 2*q + 0*q + 5. Let l(k) = -34*k**2 + 3*k - 14. Let j(w) = -17*b(w) - 6*l(w). What are the prime factors of j(1)?
3, 5
Let b be 2365/(-66) + 1/(-6). What are the prime factors of (1/(-1))/(2/b)?
2, 3
Suppose 0 = 3*w - 118 + 10. Let t be (-3)/(-5) + w/(-10). What are the prime factors of 4/(-6) - 134/t?
2, 11
Let y be (-12)/24*(0 + -10). Suppose 3*m + u = -5, -4*m + y*u = -0*m - 25. What are the prime factors of 146/(2 + m) + 0?
73
Let h = 72 + -38. What are the prime factors of h?
2, 17
List the prime factors of 9/(5 - 378/77).
3, 11
Let o = 4196 + -2776. List the prime factors of o.
2, 5, 71
Let g be 521/2 + 4/8. Suppose 0 = -4*a - 93 + g. List the prime factors of a.
2, 3, 7
Suppose 5*p + u + 0*u = 232, 4*p - 3*u - 178 = 0. Suppose p = -w + 1. What are the prime factors of (-4 - -4) + 3 - w?
2, 3
Let w(f) = 2*f + 18 - 8 + f. List the prime factors of w(0).
2, 5
Let m(l) be the second derivative of -l**3/2 + 11*l**2 + 19*l. List the prime factors of m(-13).
61
Let k(r) = r**3 + 2*r**2 - 5*r - 3. Let m be k(-3). Suppose m*b - 5 = 4. Suppose -t = b*n - 4*t - 12, t = -3*n + 4. What are the prime factors of n?
2
Suppose -2*x = -5*r, -2*r - x + 15 = 3*r. Suppose 4*b - 2*c - 222 = -0*b, 0 = -2*c - r. List the prime factors of b.
5, 11
Let t = 6866 - 4834. List the prime factors of t.
2, 127
Let w(q) = q**2 - 7*q + 5. Let i be w(7). Let j = -481 - -483. Suppose j*c - 3 - i = 0. List the prime factors of c.
2
Let a = 148 + 88. Suppose -7*p = -a - 499. What are the prime factors of p?
3, 5, 7
List the prime factors of (-59)/(-118)*4*2591.
2, 2591
Let k be 1/4*24/2. Suppose 4*z + 5*d + 16 = 0, 0*d + 7 = k*z - d. What are the prime factors of z/(3/(29*6))?
2, 29
What are the prime factors of (-4604)/(-20) + (-11)/55?
2, 5, 23
Let x(u) = 47*u - 15*u + 22 - u**2 - 10*u. List the prime factors of x(19).
79
Suppose -6*i - 597 = -2259. List the prime factors of i.
277
List the prime factors of 1 - (-10482)/(-7 - -13).
2, 19, 23
Let g(s) = 3*s - 15. Let q(o) = -o + 8. Let h(l) = -5*g(l) - 9*q(l). Suppose 4*z - 7*z = 6. What are the prime factors of h(z)?
3, 5
Let q(b) = 16*b**3 + b. Let g = -15 - -17. Let z = g - 1. List the prime factors of q(z).
17
Suppose 5*n = -2*i + 275, 5*n = 5*i + 225 + 85. Let h = 30 + n. List the prime factors of h.
3, 29
Let n(t) = 63*t**2 + 39*t + 3. List the prime factors of n(-5).
3, 461
Let f(l) be the first derivative of -8*l**2 - 12*l - 13. What are the prime factors of f(-4)?
2, 13
Let h = -159 + 572. List the prime factors of h.
7, 59
Let t be ((2/3)/1)/(15/3195). Suppose t = -h + 2*h. List the prime factors of h.
2, 71
Suppose 0 = -2*j + 12*j - 21810. List the prime factors of j.
3, 727
Let y be 14/21 + (-332)/3. Let d be 1/(-2) - y/4. Suppose -2 - 1 = -n - 3*f, 3*n + 3*f - d = 0. What are the prime factors of n?
2, 3
Let d(s) = -s + 4. Let f be d(0). Let i = 126 + -123. Suppose -i*m = -f*m + 20. List the prime factors of m.
2, 5
Let d be ((-294)/5)/((-27)/180). Suppose d = -16*j + 18*j. List the prime factors of j.
2, 7
Let m be (-2 + 2)/((-1)/1). Suppose 0*k + k - 266 = m. List the prime factors of k.
2, 7, 19
Let i(l) = 3*l + 24. Suppose s = -3*s + 28. List the prime factors of i(s).
3, 5
Let v(c) = 37*c**2 + 4*c - 2. What are the prime factors of v(-3)?
11, 29
Suppose -8*y = -6*y - 672. What are the prime factors of (1 - 0)/(3*2/y)?
2, 7
Let s = 78 - 27. Let k = 18 + s. What are the prime factors of k?
3, 23
Let j = 20 + -17. Let p(d) = -d**3 + 10*d**2 - 6*d + 7. Let w be p(6). Suppose -w = -j*q - 37. What are the prime factors of q?
2, 13
Suppose 0 = -2*i - 331 + 1899. Suppose 269 = -5*m + i. List the prime factors of m.
103
Suppose -4*y - 2*b = 2*b - 780, -2*b - 762 = -4*y. Suppose -195*n + y*n = -351. List the prime factors of n.
3, 13
Let w(p) = -2*p + 107. Let g be w(0). Suppose 3*q - g - 7 = 0. List the prime factors of q.
2, 19
What are the prime factors of (366/(-18) - 1)/((-4)/66)?
2, 11
What are the prime factors of 3*((-2100)/(-9) + -2)?
2, 347
Suppose -2*b + 10 = 3*b. Suppose -3*a + 4*s + 29 = -2*a, -5*s + 6 = b*a. Suppose -5*c = -5*x + 165, x = -3*c - 0*c + a. List the prime factors of x.
2, 7
Suppose -4*s = 4*i - 24, -4*s + 16 = 5*i - 9. Let l(m) = 6*m - 96. Let r be l(16). Suppose r = u + 5*p - 18, -p + 47 - 5 = s*u. What are the prime factors of u?
2
Let x(d) = 3*d - 29. Let o(q) = 3*q - 29. Let i(a) = -2*o(a) + 3*x(a). What are the prime factors of i(15)?
2
Suppose 2*i + 388 = 3*k, -2*k = -0*k - i - 257. Let d = k - 67. What are the prime factors of d?
59
Let a(q) be the first derivative of 3*q**2/2 - 15*q + 12. List the prime factors of a(6).
3
Let w(f) = 3*f**2 - f. Let t be w(-1). Let r(j) = j**3 + 4*j**2 - j + 5. List the prime factors of r(t).
3, 43
Let q be 52/6 + (192/(-18))/(-8). Suppose -70 = -q*k - 0*k. List the prime factors of k.
7
Let a(f) = -7*f + 13. Let s be a(6). Let t = 200 - s. What are the prime factors of t?
229
Let u(f) = 5*f + 9. Let v(h) = -10*h - 18. Let n(p) = -9*u(p) - 4*v(p). Let t be (-8)/1*(-2)/(-4). List the prime factors of n(t).
11
Suppose 814*b - 812*b = 0. Suppose -60 = -r + k, 0 = -4*r + 8*r + k - 240. Suppose 5*c = l - 65, -2*l - 4*c = -b*c - r. What are the prime factors of l?
2, 5
Let a(n) = n**3 + 12*n**2 - 6*n - 15. Let d be a(-12). Let v = 227 - d. What are the prime factors of v?
2, 5, 17
Suppose 4*y + 2*z - 24 = 0, -5*y + 4*z + 3 = -1. Suppose 0 = 4*w - 4*x - 20, -w - y*x + 1 = -19. List the prime factors of w.
2
Let h = 142 + 1776. List the prime factors of h.
2, 7, 137
Let d be (-3)/(18/(-537)) - (-1)/2. What are the prime factors of (-446)/(-10) + (-54)/d?
2, 11
Let c(q) = 15*q - 10. Let n be c(4). Suppose -5*z = -0*z - n. Suppose 47 = 2*k + 3*w - 4*w, k = 5*w + z. List the prime factors of k.
5
Suppose g - 3*x + 11 = 0, 4*x - 25 = -9. Let a(f) = 322*f - 4. What are the prime factors of a(g)?
2, 3, 53
Let m(f) = -932*f + 13. List the prime factors of m(-1).
3, 5, 7
Let b = -273 + 365. What are the prime factors of b?
2, 23
What are the prime factors of -4 + 420/9*330/4?
2, 3, 641
Let h = 61 - 58. Suppose -h*r - 5*x = -47, -2*r + 63 = -0*r - 3*x. List the prime factors of r.
2, 3
Let n = -127 + 199. Suppose -10*r = -11*r + n. List the prime factors of r.
2, 3
Let f = 9 - 22. Let h(i) = i**2 + 13*i + 14. List the prime factors of h(f).
2, 7
Let z(m) = -28*m - 25. Let r(t) = 19*t + 17. Let j(b) = -7*r(b) - 5*z(b). What are the prime factors of j(5)?
41
Let b be (108/15)/((-1)/(-5)). Suppose 4*z = -b + 368. Suppose -4*w - 3*t = -z, -w + 6 = 3*t - 17. List the prime factors of w.
2, 5
Suppose 2508 = 3*t - 3*w, -t - 3*w + 0*w + 836 = 0. List the prime factors of t.
2, 11, 19
Let b(r) = 3*r**2 + 9*r + 45. Let k be b(-13). Suppose 4*n = 9*n - k. List the prime factors of n.
3, 29
Let r = 745 + -507. Suppose 4*j = -i + 53, 2*i - 6*i = 3*j - r. List the prime factors of i.
61
Suppose -19*q - 6650 = -24*q. Suppose q = 4*s + 6*s. List the prime factors of s.
7, 19
What are the prime factors of 6/(60/26770) + 0 + 1?
2, 13, 103
Suppose -43*x - 12*x + 85525 = 0. List the prime factors of x.
5, 311
Suppose -9*m + 168 = -m. List the prime factors of 1*(4 + 1 + -3 + m).
23
Let p = 87 + -69. Suppose -5*g = -14*g + p. List the prime factors of g.
2
Suppose 6*i = 9*i + 57. Let a = 44 + i. Let p = 37 - a. What are the prime factors of p?
2, 3
Let n(w) = -31*w + 30. Let o(g) = -2*g - 8. Let b be o(-2). What are the prime factors of n(b)?
2, 7, 11
Suppose -1 + 26 = 5*d. Suppose 4*i + 2*g - 4*g - 4 = 0, 0 = -i + 2*g - d. Let n(p) = 2*p + 4. What are the prime factors of n(i)?
2, 5
Let z be 29/(-116) - (0 + (-39)/(-4)). Let l = z - -83. What are the prime factors of l?
73